e
Is 11 a factor of 164236224?
False
Does 141 divide 441637056?
False
Does 3 divide 112852392?
True
Is 1875860 a multiple of 4?
True
Is 2 a factor of 21821243?
False
Is 429 a factor of 5840471?
False
Is 38 a factor of 86857364?
False
Is 2350546 a multiple of 222?
False
Is 1125 a factor of 503003250?
True
Is 88398750 a multiple of 2143?
True
Does 153 divide 6744852?
True
Is 320 a factor of 121704000?
True
Is 2514695436 a multiple of 18?
True
Is 53877546 a multiple of 1629?
True
Is 7062480 a multiple of 120?
True
Is 477 a factor of 231254082?
False
Is 16298224 a multiple of 976?
True
Is 179250926 a multiple of 3863?
True
Is 11937547 a multiple of 1236?
False
Is 66477168 a multiple of 508?
False
Is 51934569 a multiple of 3451?
False
Is 1527033040 a multiple of 130?
True
Is 135 a factor of 148509913?
False
Is 485 a factor of 2392585868?
False
Is 11234804 a multiple of 646?
False
Is 144 a factor of 7417909?
False
Is 4 a factor of 6830800?
True
Is 1316 a factor of 98042000?
True
Does 13 divide 1803346040?
False
Is 6 a factor of 28831323?
False
Does 2444 divide 1119024504?
True
Does 85 divide 2281400?
True
Is 12292 a factor of 3013359216?
True
Is 378 a factor of 161906472?
True
Is 48714103 a multiple of 2?
False
Does 21 divide 998111667?
True
Does 1501 divide 42592376?
True
Is 51595519 a multiple of 2106?
False
Does 10 divide 82988880?
True
Is 1815683440 a multiple of 6920?
True
Is 1562735591 a multiple of 14?
False
Is 291586735 a multiple of 1595?
True
Is 22765080 a multiple of 24?
True
Does 209 divide 6026631622?
True
Is 115437616 a multiple of 181?
False
Does 3183 divide 92184811?
False
Is 850 a factor of 152661700?
True
Is 44361900 a multiple of 990?
True
Is 44397225 a multiple of 25?
True
Is 1167839587 a multiple of 8580?
False
Is 299517072 a multiple of 137?
True
Is 3376836 a multiple of 3?
True
Is 2 a factor of 21176325?
False
Does 454 divide 876804987?
False
Does 17 divide 78300521?
True
Is 2311 a factor of 53291505?
False
Does 953 divide 360769550?
False
Is 88 a factor of 130899296?
True
Is 70 a factor of 749355110?
True
Is 218 a factor of 351683345?
False
Is 100082733 a multiple of 11?
False
Does 362 divide 3877382?
True
Does 10 divide 1427288342?
False
Does 10 divide 204437350?
True
Is 59426855 a multiple of 5?
True
Is 185 a factor of 130959793?
False
Does 56 divide 23606487?
False
Does 199 divide 27584385?
True
Is 757 a factor of 15492789?
False
Does 30 divide 27497520?
True
Is 71795953 a multiple of 31?
False
Is 163495800 a multiple of 4932?
True
Is 9659888 a multiple of 108?
False
Does 963 divide 3875311341?
True
Does 3 divide 15561856?
False
Is 28 a factor of 63258514?
False
Does 900 divide 26290069?
False
Is 95 a factor of 534320090?
True
Does 7 divide 137921492?
False
Is 100081725 a multiple of 70?
False
Is 21 a factor of 2545288179?
True
Is 30 a factor of 17144976?
False
Is 83 a factor of 345479041?
False
Does 625 divide 93045246?
False
Does 2129 divide 238808746?
False
Does 23 divide 38922394?
True
Is 104383112 a multiple of 38?
True
Does 60 divide 86090035?
False
Does 6 divide 50226624?
True
Is 3 a factor of 71733327?
True
Is 6403632 a multiple of 38?
False
Is 1687730446 a multiple of 14?
False
Is 7 a factor of 15560763?
False
Is 2873 a factor of 6124247688?
True
Is 4748427 a multiple of 9?
True
Is 582233294 a multiple of 2421?
False
Is 20 a factor of 2269831840?
True
Does 2756 divide 3512492474?
False
Is 261540 a multiple of 4?
True
Is 5728698 a multiple of 800?
False
Does 5 divide 693634910?
True
Is 1839 a factor of 29820128?
False
Is 358650102 a multiple of 310?
False
Is 2963432485 a multiple of 40?
False
Is 67524333 a multiple of 853?
True
Does 1264 divide 17534208?
True
Does 122 divide 235343856?
True
Is 40369553 a multiple of 9?
False
Does 8 divide 2957783?
False
Is 307 a factor of 1346028606?
True
Is 65 a factor of 1623165446?
False
Is 21040932 a multiple of 210?
False
Is 11668095 a multiple of 15?
True
Is 253 a factor of 27265304?
True
Does 5 divide 14597189?
False
Is 418724486 a multiple of 482?
True
Is 672 a factor of 33434688?
True
Is 830 a factor of 2250010340?
False
Is 448 a factor of 192359104?
True
Is 5 a factor of 79911670?
True
Is 10719072 a multiple of 208?
True
Does 1478 divide 42804065?
False
Is 304961641 a multiple of 3699?
False
Does 34 divide 1713999328?
False
Is 3408209888 a multiple of 32?
True
Is 434 a factor of 100413712?
True
Does 25 divide 1906111925?
True
Is 893034449 a multiple of 2623?
True
Is 4 a factor of 12857508?
True
Does 4047 divide 1482268245?
False
Is 868280982 a multiple of 6960?
False
Does 2868 divide 103266703?
False
Is 6782490 a multiple of 279?
True
Is 845014522 a multiple of 120?
False
Is 9 a factor of 443141748?
True
Does 1129 divide 5779351?
True
Is 747 a factor of 2214167451?
False
Does 256 divide 4109634?
False
Is 6 a factor of 8049918?
True
Is 818517 a multiple of 11?
False
Is 48366944 a multiple of 148?
False
Is 2900 a factor of 38504539?
False
Is 153624744 a multiple of 13?
True
Is 127160534 a multiple of 43?
False
Is 103 a factor of 188550564?
True
Is 9 a factor of 7674813?
True
Does 22 divide 90250950?
False
Does 4 divide 1246650?
False
Does 29 divide 4582223785?
False
Does 222 divide 10540782?
True
Does 12 divide 1765711272?
True
Does 424 divide 62456472?
True
Does 40 divide 15368080?
True
Is 5081469 a multiple of 15?
False
Is 343447704 a multiple of 4?
True
Does 77 divide 58813293?
True
Is 30648273 a multiple of 29?
True
Is 110 a factor of 8860978?
False
Does 20 divide 1094766783?
False
Is 6 a factor of 82200044?
False
Is 1992 a factor of 1156654800?
True
Does 4 divide 4222360?
True
Does 56 divide 36406704?
False
Is 24 a factor of 152669086?
False
Does 387 divide 229400147?
False
Is 163738776 a multiple of 1212?
True
Is 181575675 a multiple of 81?
True
Is 5618 a factor of 48341044?
False
Does 19 divide 73857427?
True
Does 993 divide 2810086585?
False
Is 89845021 a multiple of 985?
False
Does 42 divide 56664594?
True
Is 23196942 a multiple of 918?
True
Is 600 a factor of 16931756?
False
Is 4 a factor of 5463892?
True
Is 91 a factor of 1103469?
False
Does 1498 divide 225368108?
True
Does 48 divide 1117008?
True
Does 2004 divide 471018871?
False
Is 8 a factor of 521925969?
False
Is 262423920 a multiple of 6420?
True
Does 3797 divide 1690817446?
False
Is 1190975214 a multiple of 8151?
True
Is 363793323 a multiple of 4?
False
Is 23 a factor of 105425142?
False
Is 3281 a factor of 105175360?
False
Is 17 a factor of 626041796?
True
Is 71563499 a multiple of 291?
False
Does 11 divide 3437673?
False
Is 3 a factor of 160736019?
True
Is 38155695 a multiple of 2018?
False
Is 8 a factor of 698729125?
False
Is 19 a factor of 61829591?
True
Is 40355364 a multiple of 2076?
True
Is 196055200 a multiple of 4400?
True
Does 238 divide 14067669?
False
Is 2953034823 a multiple of 259?
False
Is 103 a factor of 912712160?
False
Is 104 a factor of 70443360?
True
Is 9 a factor of 243147924?
True
Does 161 divide 8440096?
False
Is 1399749612 a multiple of 58?
True
Is 98450730 a multiple of 6?
True
Is 6421 a factor of 153988422?
True
Is 119 a factor of 21602267?
False
Does 111 divide 55132479?
True
Does 46 divide 153194950?
True
Is 1386301861 a multiple of 7?
True
Is 170112000 a multiple of 1536?
True
Does 24 divide 80914426?
False
Does 1847 divide 284048900?
False
Is 268096606 a multiple of 1352?
False
Is 238605450 a multiple of 25?
True
Does 33 divide 144802210?
False
Does 46 divide 12332588?
False
Is 31 a factor of 322006610?
True
Does 214 divide 1363226438?
True
Is 112 a factor of 80176544?
True
Does 20 divide 72557004?
False
Is 384075714 a multiple of 6396?
False
Is 63 a factor of 33733501?
False
Is 602 a factor of 4050943?
False
Does 563 divide 39099787?
True
Is 2220399594 a multiple of 4866?
True
Is 488614960 a multiple of 16?
True
Does 322 divide 20542956?
True
Is 10 a factor of 46226745?
False
Is 33 a factor of 390817878?
True
Is 99999876 a multiple of 598?
False
Does 405 divide 88319856?
False
Is 5 a factor of 203603970?
True
Is 5608988 a multiple of 395?
False
Does 19 divide 76368243?
False
Is 1153 a factor of 13479723?
True
Is 55494836 a multiple of 526?
False
Is 206 a factor of 12739452?
True
Does 46 divide 576478394?
True
Is 151952454 a multiple of 387?
True
Does 262 divide 5836574?
T